{"id":38,"date":"2020-12-02T10:17:02","date_gmt":"2020-12-02T09:17:02","guid":{"rendered":"http:\/\/komunitne-centrum.sk\/?page_id=38"},"modified":"2021-03-02T18:54:35","modified_gmt":"2021-03-02T17:54:35","slug":"terenna-socialna-praca","status":"publish","type":"page","link":"https:\/\/komunitne-centrum.sk\/index.php\/terenna-socialna-praca\/","title":{"rendered":"Ter\u00e9nna soci\u00e1lna pr\u00e1ca"},"content":{"rendered":"\n<h2 class=\"wp-block-heading\"><strong>Hist\u00f3ria ter\u00e9nnej soci\u00e1lnej pr\u00e1ce v meste<\/strong><\/h2>\n\n\n\n<p>&nbsp;&nbsp;&nbsp;&nbsp;&nbsp;&nbsp;&nbsp;&nbsp; Korene ter\u00e9nnej soci\u00e1lnej pr\u00e1ce v Liptovskom Mikul\u00e1\u0161i mo\u017eno h\u013eada\u0165 v septembri roku 2006, kedy vznikli na Mestskom \u00farade v Liptovskom Mikul\u00e1\u0161i, s finan\u010dnou podporou Fondu soci\u00e1lneho rozvoja, nov\u00e9 pracovn\u00e9 poz\u00edcie: komunitn\u00fd soci\u00e1lny pracovn\u00edk a asistent. N\u00e1sledne bolo v roku 2006 vybudovan\u00e9 a uveden\u00e9 do prev\u00e1dzky Komunitn\u00e9 centrum priamo v marginalizovanej r\u00f3mskej komunite v Hlbokom. Svoje miesto si tu na\u0161li i komunitn\u00ed pracovn\u00edci, ktor\u00ed sa venovali cie\u013eovej skupine priamo v jej prirodzenom prostred\u00ed. Mesto Liptovsk\u00fd Mikul\u00e1\u0161 poskytlo ter\u00e9nnej pr\u00e1ci podporu a rozhodlo o jej pokra\u010dovan\u00ed. Udr\u017eate\u013enos\u0165 a podpora ter\u00e9nnej soci\u00e1lnej pr\u00e1ci bola vyjadren\u00e1 aj v Komunitnom pl\u00e1ne soci\u00e1lnych slu\u017eieb mesta Liptovsk\u00fd Mikul\u00e1\u0161 na roky 2010 \u2013 2015. Po\u010det pracovn\u00edkov poskytuj\u00facich odborn\u00fa pomoc priamo v ter\u00e9ne nebol vzh\u013eadom na ve\u013ekos\u0165 cie\u013eovej skupiny posta\u010duj\u00faci. Mesto Liptovsk\u00fd Mikul\u00e1\u0161 zareagovalo na potrebu znev\u00fdhodnen\u00fdch ob\u010danov a prostredn\u00edctvom projektu Pomoc a podpora soci\u00e1lne-znev\u00fdhodnen\u00fdch skup\u00edn obyvate\u013estva formou komunitnej soci\u00e1lnej pr\u00e1ce, roz\u0161\u00edrilo rady pracovn\u00edkov v ter\u00e9ne o 2 \u010dlenov. Projekt trval 2 roky (2010 \u2013 2012) a tesne pred svoj\u00edm ukon\u010den\u00edm na\u0161iel svoje plynul\u00e9 pokra\u010dovanie v NP TSP, ktor\u00fd trval od septembra 2012, do okt\u00f3bra 2015. V tomto obdob\u00ed roz\u0161\u00edril person\u00e1lne rady \u010fal\u0161\u00ed ter\u00e9nny soci\u00e1lny pracovn\u00edk. V s\u00fa\u010dasnosti N\u00e1rodn\u00fd projekt Ter\u00e9nna soci\u00e1lna pr\u00e1ca v obciach pokra\u010duje (2016- 2019) a v ter\u00e9ne pod komunitn\u00fdm centrom pracuj\u00fa dve ter\u00e9nne soci\u00e1lne pracovn\u00ed\u010dky (TSP) a jedna ter\u00e9nna pracovn\u00ed\u010dka (TP).<\/p>\n\n\n\n<h2 class=\"wp-block-heading\"><strong>T\u00edm TSP<\/strong><\/h2>\n\n\n\n<p>&nbsp;&nbsp;&nbsp;&nbsp;&nbsp;&nbsp;&nbsp;&nbsp; T\u00edm TSP ve\u013emi \u00fazko spolupracuje so zamestnancami komunitn\u00e9ho centra. V\u00fdznamnou pomocou v ka\u017edodennej pr\u00e1ci je asistentka soci\u00e1lnej pracovn\u00ed\u010dky, ktor\u00e1 poch\u00e1dza priamo z komunity. Ako pozit\u00edvna sa uk\u00e1zala aj vekov\u00e1 skladba pracovn\u00e9ho t\u00edmu, kde sa vz\u00e1jomne v\u00fdborne dop\u013a\u0148ali \u010derstvo nadobudnut\u00e9 odborn\u00e9 vedomosti a teoretick\u00e9 znalosti, s praktick\u00fdmi sk\u00fasenos\u0165ami a nadobudnut\u00fdmi zru\u010dnos\u0165ami.&nbsp; R\u00f4znorodos\u0165 pov\u00e1h a osobnostn\u00fdch \u010d\u0155t roz\u0161\u00edrila paletu komunika\u010dn\u00fdch prostriedkov v pr\u00e1ci s klientom. V\u010faka tomu je mo\u017en\u00e9 n\u00e1js\u0165 s klientom spolo\u010dn\u00fa re\u010d a nasmerova\u0165 ho k \u017eelan\u00e9mu cie\u013eu.<\/p>\n\n\n\n<p>&nbsp;&nbsp;&nbsp;&nbsp;&nbsp;&nbsp;&nbsp;&nbsp; Pre kvalitn\u00fd v\u00fdkon TSP je v\u00fdrazn\u00fdm pr\u00ednosom aj dobr\u00e1 komunik\u00e1cia v \u0161ir\u0161om kruhu odborn\u00edkov, ako s\u00fa zamestnanci MS\u00da Liptovsk\u00fd Mikul\u00e1\u0161, pracovn\u00edci \u00daPSVaR, pr\u00edslu\u0161n\u00edci mestskej pol\u00edcie, pr\u00edslu\u0161n\u00edci policajn\u00e9ho zboru SR, dobrovo\u013en\u00edci z Farskej charity, dobrovo\u013en\u00edci z Bratskej jednoty baptistov a miestneho zdru\u017eenia YMCA v Liptovskom Mikul\u00e1\u0161i. V\u00fdznamn\u00e1 je aj spolupr\u00e1ca s lek\u00e1rskym person\u00e1lom.<\/p>\n\n\n\n<p>&nbsp;&nbsp;&nbsp;&nbsp;&nbsp;&nbsp;&nbsp;&nbsp; Na v\u00fdkon TSP dohliada okrem priameho nadriaden\u00e9ho na pracovisku aj region\u00e1lna koodin\u00e1torka. Odborn\u00e9 vedenie a rady s\u00fa pre pracovn\u00edkov TSP v\u017edy podnetn\u00e9, nako\u013eko ukazuj\u00fa, ako zakomponova\u0165 teoretick\u00e9 v\u00fdchodisk\u00e1 do re\u00e1lnych situ\u00e1ci\u00ed.<\/p>\n\n\n\n<h2 class=\"wp-block-heading\"><strong>Pr\u00ednos TSP a probl\u00e9my<\/strong><\/h2>\n\n\n\n<p>&nbsp;&nbsp;&nbsp;&nbsp;&nbsp;&nbsp;&nbsp;&nbsp; V\u00fdsledky ter\u00e9nnej soci\u00e1lnej pr\u00e1ce mo\u017eno najv\u00fdraznej\u0161ie bada\u0165 na zlep\u0161enej komunik\u00e1cii. V\u010faka p\u00f4sobeniu ter\u00e9nnych pracovn\u00edkov dok\u00e1\u017eu klienti lep\u0161ie odkomunikova\u0165 svoje potreby a po\u017eiadavky. Pri rie\u0161en\u00ed svojich probl\u00e9mov s\u00fa motivovan\u00ed k vlastnej aktivite a \u010dinnosti, v\u010faka \u010domu sa dok\u00e1\u017eu v rie\u0161en\u00ed probl\u00e9mu sami lep\u0161ie orientova\u0165. To, \u017ee s\u00fa klienti pripraven\u00ed reagova\u0165 a tlmo\u010di\u0165 jednotliv\u00e9 \u00falohy ich vedie k zodpovednosti a z\u00e1rove\u0148 im poskytuje sebesta\u010dnos\u0165 v rie\u0161en\u00ed probl\u00e9mov. Samozrejme situ\u00e1cia nie je ide\u00e1lna a v\u00e4\u010d\u0161ina klientov potrebuje pomoc a odborn\u00e9 nasmerovanie. Napriek tomu je vidite\u013en\u00fd pokrok a zmena.<\/p>\n\n\n\n<p><em>V praxi ter\u00e9nni pracovn\u00edci poskytuj\u00fa intervencie v t\u00fdchto kateg\u00f3ri\u00e1ch:<\/em><\/p>\n\n\n\n<ul class=\"wp-block-list\"><li><em>Zamestnanos\u0165: intervencie smeruj\u00face k zv\u00fd\u0161eniu \u0161ance uplatni\u0165 sa na trhu pr\u00e1ce, alebo k udr\u017eaniu existuj\u00facich pracovn\u00fdch miest.<\/em><\/li><li><em>B\u00fdvanie: intervencie smeruj\u00face k zv\u00fd\u0161eniu \u0161tandardu b\u00fdvania, \u010di udr\u017eaniu vyhovuj\u00faceho b\u00fdvania.<\/em><\/li><li><em>Zdravie: intervencie zameran\u00e9 na zlep\u0161enie zdravotn\u00e9ho stavu klientov, alebo zachovanie vyhovuj\u00faceho zdravotn\u00e9ho stavu a intervencie zameran\u00e9 na zv\u00fd\u0161enie dostupnosti slu\u017eieb zdravotnej starostlivosti.<\/em><\/li><li><em>Soci\u00e1lno-patologick\u00e9 javy: intervencie zameran\u00e9 na prevenciu soci\u00e1lno-patologick\u00fdch javov, ako aj na zmiernenie a elimin\u00e1ciu ich negat\u00edvnych dopadov u \u013eud\u00ed z cie\u013eovej skupiny.<\/em><\/li><li><em>Financie a hospod\u00e1renie: intervencie zameran\u00e9 na zvy\u0161ovanie ekonomickej gramotnosti klientov, poradenstvo smeruj\u00face k zlep\u0161eniu ekonomickej situ\u00e1cie dom\u00e1cnost\u00ed klientov, poradenstvo pri oddl\u017eovan\u00ed a exek\u00faci\u00e1ch, prevencia zadl\u017eenosti a boj proti \u00fa\u017eere.<\/em><\/li><li><em>Vzdel\u00e1vanie a spolupr\u00e1ca so \u0161kolou: intervencie smeruj\u00face k zvy\u0161ovaniu kvalifik\u00e1cie klientov a ich det\u00ed, intervencie zameran\u00e9 na dostupnos\u0165 vzdel\u00e1vac\u00edch in\u0161tit\u00faci\u00ed a poskytovan\u00fdch slu\u017eieb.<\/em><\/li><li><em>Soci\u00e1lne zabezpe\u010denie: intervencie smeruj\u00face k zabezpe\u010deniu benefitov a k plneniu povinnost\u00ed vypl\u00fdvaj\u00facich z pr\u00edslu\u0161nosti v syst\u00e9me soci\u00e1lneho zabezpe\u010denia \u0161t\u00e1tu.<\/em><\/li><li><em>In\u00e9<\/em><\/li><\/ul>\n\n\n\n<p>Za obdobie od septembra 2012 bolo v zmysle podmienok zaevidovan\u00fdch 454 spisov klientov. Ter\u00e9nni soci\u00e1lni pracovn\u00edci sa sna\u017eia pracova\u0165 so v\u0161etk\u00fdmi klientmi, ktor\u00ed prejavia o ich pomoc z\u00e1ujem a sami sa akt\u00edvne zap\u00e1jaj\u00fa do rie\u0161enia svojich probl\u00e9mov. Ochota participova\u0165 na rie\u0161en\u00ed vlastn\u00e9ho probl\u00e9mu je jedinou podmienkou nadviazania spolupr\u00e1ce. V\u010faka profesion\u00e1lnej pomoci pri zvl\u00e1dan\u00ed v\u00e1\u017enych \u017eivotn\u00fdch situ\u00e1cii nadobudli TSP s mnoh\u00fdmi rodinami dobr\u00e9 vz\u0165ahy a v\u00e4zby.<\/p>\n","protected":false},"excerpt":{"rendered":"<p>Hist\u00f3ria ter\u00e9nnej soci\u00e1lnej pr\u00e1ce v meste &nbsp;&nbsp;&nbsp;&nbsp;&nbsp;&nbsp;&nbsp;&nbsp; Korene ter\u00e9nnej soci\u00e1lnej pr\u00e1ce v Liptovskom Mikul\u00e1\u0161i mo\u017eno h\u013eada\u0165 v septembri roku 2006, kedy vznikli na Mestskom \u00farade v Liptovskom Mikul\u00e1\u0161i, s finan\u010dnou podporou Fondu soci\u00e1lneho rozvoja, nov\u00e9 pracovn\u00e9 poz\u00edcie: komunitn\u00fd soci\u00e1lny pracovn\u00edk a asistent. N\u00e1sledne bolo v roku 2006 vybudovan\u00e9 a uveden\u00e9 [&hellip;]<\/p>\n","protected":false},"author":3,"featured_media":216,"parent":0,"menu_order":0,"comment_status":"closed","ping_status":"closed","template":"","meta":{"footnotes":""},"class_list":["post-38","page","type-page","status-publish","has-post-thumbnail","hentry"],"_links":{"self":[{"href":"https:\/\/komunitne-centrum.sk\/index.php\/wp-json\/wp\/v2\/pages\/38","targetHints":{"allow":["GET"]}}],"collection":[{"href":"https:\/\/komunitne-centrum.sk\/index.php\/wp-json\/wp\/v2\/pages"}],"about":[{"href":"https:\/\/komunitne-centrum.sk\/index.php\/wp-json\/wp\/v2\/types\/page"}],"author":[{"embeddable":true,"href":"https:\/\/komunitne-centrum.sk\/index.php\/wp-json\/wp\/v2\/users\/3"}],"replies":[{"embeddable":true,"href":"https:\/\/komunitne-centrum.sk\/index.php\/wp-json\/wp\/v2\/comments?post=38"}],"version-history":[{"count":3,"href":"https:\/\/komunitne-centrum.sk\/index.php\/wp-json\/wp\/v2\/pages\/38\/revisions"}],"predecessor-version":[{"id":221,"href":"https:\/\/komunitne-centrum.sk\/index.php\/wp-json\/wp\/v2\/pages\/38\/revisions\/221"}],"wp:featuredmedia":[{"embeddable":true,"href":"https:\/\/komunitne-centrum.sk\/index.php\/wp-json\/wp\/v2\/media\/216"}],"wp:attachment":[{"href":"https:\/\/komunitne-centrum.sk\/index.php\/wp-json\/wp\/v2\/media?parent=38"}],"curies":[{"name":"wp","href":"https:\/\/api.w.org\/{rel}","templated":true}]}}

Terénna sociálna práca

<h2 class="wp-block-heading"><strong>História terénnej sociálnej práce v meste</strong></h2>



<p>&nbsp;&nbsp;&nbsp;&nbsp;&nbsp;&nbsp;&nbsp;&nbsp; Korene terénnej sociálnej práce v Liptovskom Mikuláši možno hľadať v septembri roku 2006, kedy vznikli na Mestskom úrade v Liptovskom Mikuláši, s finančnou podporou Fondu sociálneho rozvoja, nové pracovné pozície: komunitný sociálny pracovník a asistent. Následne bolo v roku 2006 vybudované a uvedené do prevádzky Komunitné centrum priamo v marginalizovanej rómskej komunite v Hlbokom. Svoje miesto si tu našli i komunitní pracovníci, ktorí sa venovali cieľovej skupine priamo v jej prirodzenom prostredí. Mesto Liptovský Mikuláš poskytlo terénnej práci podporu a rozhodlo o jej pokračovaní. Udržateľnosť a podpora terénnej sociálnej práci bola vyjadrená aj v Komunitnom pláne sociálnych služieb mesta Liptovský Mikuláš na roky 2010 – 2015. Počet pracovníkov poskytujúcich odbornú pomoc priamo v teréne nebol vzhľadom na veľkosť cieľovej skupiny postačujúci. Mesto Liptovský Mikuláš zareagovalo na potrebu znevýhodnených občanov a prostredníctvom projektu Pomoc a podpora sociálne-znevýhodnených skupín obyvateľstva formou komunitnej sociálnej práce, rozšírilo rady pracovníkov v teréne o 2 členov. Projekt trval 2 roky (2010 – 2012) a tesne pred svojím ukončením našiel svoje plynulé pokračovanie v NP TSP, ktorý trval od septembra 2012, do októbra 2015. V tomto období rozšíril personálne rady ďalší terénny sociálny pracovník. V súčasnosti Národný projekt Terénna sociálna práca v obciach pokračuje (2016- 2019) a v teréne pod komunitným centrom pracujú dve terénne sociálne pracovníčky (TSP) a jedna terénna pracovníčka (TP).</p>



<h2 class="wp-block-heading"><strong>Tím TSP</strong></h2>



<p>&nbsp;&nbsp;&nbsp;&nbsp;&nbsp;&nbsp;&nbsp;&nbsp; Tím TSP veľmi úzko spolupracuje so zamestnancami komunitného centra. Významnou pomocou v každodennej práci je asistentka sociálnej pracovníčky, ktorá pochádza priamo z komunity. Ako pozitívna sa ukázala aj veková skladba pracovného tímu, kde sa vzájomne výborne dopĺňali čerstvo nadobudnuté odborné vedomosti a teoretické znalosti, s praktickými skúsenosťami a nadobudnutými zručnosťami.&nbsp; Rôznorodosť pováh a osobnostných čŕt rozšírila paletu komunikačných prostriedkov v práci s klientom. Vďaka tomu je možné nájsť s klientom spoločnú reč a nasmerovať ho k želanému cieľu.</p>



<p>&nbsp;&nbsp;&nbsp;&nbsp;&nbsp;&nbsp;&nbsp;&nbsp; Pre kvalitný výkon TSP je výrazným prínosom aj dobrá komunikácia v širšom kruhu odborníkov, ako sú zamestnanci MSÚ Liptovský Mikuláš, pracovníci ÚPSVaR, príslušníci mestskej polície, príslušníci policajného zboru SR, dobrovoľníci z Farskej charity, dobrovoľníci z Bratskej jednoty baptistov a miestneho združenia YMCA v Liptovskom Mikuláši. Významná je aj spolupráca s lekárskym personálom.</p>



<p>&nbsp;&nbsp;&nbsp;&nbsp;&nbsp;&nbsp;&nbsp;&nbsp; Na výkon TSP dohliada okrem priameho nadriadeného na pracovisku aj regionálna koodinátorka. Odborné vedenie a rady sú pre pracovníkov TSP vždy podnetné, nakoľko ukazujú, ako zakomponovať teoretické východiská do reálnych situácií.</p>



<h2 class="wp-block-heading"><strong>Prínos TSP a problémy</strong></h2>



<p>&nbsp;&nbsp;&nbsp;&nbsp;&nbsp;&nbsp;&nbsp;&nbsp; Výsledky terénnej sociálnej práce možno najvýraznejšie badať na zlepšenej komunikácii. Vďaka pôsobeniu terénnych pracovníkov dokážu klienti lepšie odkomunikovať svoje potreby a požiadavky. Pri riešení svojich problémov sú motivovaní k vlastnej aktivite a činnosti, vďaka čomu sa dokážu v riešení problému sami lepšie orientovať. To, že sú klienti pripravení reagovať a tlmočiť jednotlivé úlohy ich vedie k zodpovednosti a zároveň im poskytuje sebestačnosť v riešení problémov. Samozrejme situácia nie je ideálna a väčšina klientov potrebuje pomoc a odborné nasmerovanie. Napriek tomu je viditeľný pokrok a zmena.</p>



<p><em>V praxi terénni pracovníci poskytujú intervencie v týchto kategóriách:</em></p>



<ul class="wp-block-list"><li><em>Zamestnanosť: intervencie smerujúce k zvýšeniu šance uplatniť sa na trhu práce, alebo k udržaniu existujúcich pracovných miest.</em></li><li><em>Bývanie: intervencie smerujúce k zvýšeniu štandardu bývania, či udržaniu vyhovujúceho bývania.</em></li><li><em>Zdravie: intervencie zamerané na zlepšenie zdravotného stavu klientov, alebo zachovanie vyhovujúceho zdravotného stavu a intervencie zamerané na zvýšenie dostupnosti služieb zdravotnej starostlivosti.</em></li><li><em>Sociálno-patologické javy: intervencie zamerané na prevenciu sociálno-patologických javov, ako aj na zmiernenie a elimináciu ich negatívnych dopadov u ľudí z cieľovej skupiny.</em></li><li><em>Financie a hospodárenie: intervencie zamerané na zvyšovanie ekonomickej gramotnosti klientov, poradenstvo smerujúce k zlepšeniu ekonomickej situácie domácností klientov, poradenstvo pri oddlžovaní a exekúciách, prevencia zadlženosti a boj proti úžere.</em></li><li><em>Vzdelávanie a spolupráca so školou: intervencie smerujúce k zvyšovaniu kvalifikácie klientov a ich detí, intervencie zamerané na dostupnosť vzdelávacích inštitúcií a poskytovaných služieb.</em></li><li><em>Sociálne zabezpečenie: intervencie smerujúce k zabezpečeniu benefitov a k plneniu povinností vyplývajúcich z príslušnosti v systéme sociálneho zabezpečenia štátu.</em></li><li><em>Iné</em></li></ul>



<p>Za obdobie od septembra 2012 bolo v zmysle podmienok zaevidovaných 454 spisov klientov. Terénni sociálni pracovníci sa snažia pracovať so všetkými klientmi, ktorí prejavia o ich pomoc záujem a sami sa aktívne zapájajú do riešenia svojich problémov. Ochota participovať na riešení vlastného problému je jedinou podmienkou nadviazania spolupráce. Vďaka profesionálnej pomoci pri zvládaní vážnych životných situácii nadobudli TSP s mnohými rodinami dobré vzťahy a väzby.</p>

<p>História terénnej sociálnej práce v meste &nbsp;&nbsp;&nbsp;&nbsp;&nbsp;&nbsp;&nbsp;&nbsp; Korene terénnej sociálnej práce v Liptovskom Mikuláši možno hľadať v septembri roku 2006, kedy vznikli na Mestskom úrade v Liptovskom Mikuláši, s finančnou podporou Fondu sociálneho rozvoja, nové pracovné pozície: komunitný sociálny pracovník a asistent. Následne bolo v roku 2006 vybudované a uvedené [&hellip;]</p>
