{"id":36,"date":"2020-12-02T10:13:08","date_gmt":"2020-12-02T09:13:08","guid":{"rendered":"http:\/\/komunitne-centrum.sk\/?page_id=36"},"modified":"2021-03-02T18:53:28","modified_gmt":"2021-03-02T17:53:28","slug":"noclaharen","status":"publish","type":"page","link":"https:\/\/komunitne-centrum.sk\/index.php\/noclaharen\/","title":{"rendered":"Noc\u013eah\u00e1re\u0148"},"content":{"rendered":"\n<p>S\u00fa\u010das\u0165ou Komunitn\u00e9ho centra \u201cNov\u00fd svet\u201c Hlbok\u00e9 je Noc\u013eah\u00e1re\u0148, ktor\u00e1 celoro\u010dne poskytuje noc\u013eah \u013eu\u010fom bez pr\u00edstre\u0161ia. Noc\u013eah\u00e1re\u0148 je v prev\u00e1dzke denne od 18.00 \u2013 08.00 hod. nasleduj\u00faceho d\u0148a.<\/p>\n\n\n\n<p>&nbsp;&nbsp; Do noc\u013eah\u00e1rne sa prij\u00edmaj\u00fa klienti na z\u00e1klade vykonania dychovej sk\u00fa\u0161ky alkoholtesterom, v \u010dase od 18,00 \u2013 20,00 hod<\/p>\n\n\n\n<p>&nbsp;&nbsp;&nbsp;&nbsp;&nbsp;&nbsp;Klienti s\u00fa povinn\u00ed prinies\u0165 aj vyjadrenie obvodn\u00e9ho lek\u00e1ra, ktor\u00e9 nesmie by\u0165 star\u0161ie ako 3 dni. Po dohode sa d\u00e1 prinies\u0165 aj dodato\u010dne.<\/p>\n\n\n\n<p>&nbsp;&nbsp; Klienta prij\u00edma do noc\u013eah\u00e1rne no\u010dn\u00fd str\u00e1\u017enik, ktor\u00fd ho zap\u00ed\u0161e do knihy ubytovan\u00fdch, vyberie poplatok pod\u013ea zverejnen\u00e9ho cenn\u00edka slu\u017eieb a vyd\u00e1 klientovi pokladni\u010dn\u00fd doklad o zaplaten\u00ed. V poplatku je zahrnut\u00fd noc\u013eah, vykonanie osobnej hygieny, vypranie \u0161atstva a vyu\u017eitie priestorov kuchynky.<\/p>\n\n\n\n<p>&nbsp;&nbsp; No\u010dn\u00fd str\u00e1\u017enik vyd\u00e1 klientovi uter\u00e1k, mydlo a \u010dist\u00fa poste\u013en\u00fa bielize\u0148. Klient je povinn\u00fd denne vykona\u0165 osobn\u00fa hygienu.<\/p>\n\n\n\n<p>&nbsp;&nbsp; V pr\u00edpade,&nbsp; \u017ee hladina alkoholu v krvi klienta po naf\u00fakan\u00ed presiahne 0,5 \u2030, noc\u013eah mu nebude poskytnut\u00fd. Ak sa vyskytn\u00fa v\u00e1\u017enej\u0161ie probl\u00e9my, obracia sa no\u010dn\u00fd str\u00e1\u017enik telefonicky na mestsk\u00fa pol\u00edciu.<\/p>\n\n\n\n<p>&nbsp;&nbsp; O 8, 00 hod. r\u00e1no musia klienti opusti\u0165 priestory noc\u013eah\u00e1rne. Pri vyprev\u00e1dzan\u00ed klientov je pr\u00edtomn\u00fd slu\u017ebukonaj\u00faci no\u010dn\u00fd str\u00e1\u017enik, pr\u00edpadne spr\u00e1vca KC.<\/p>\n","protected":false},"excerpt":{"rendered":"<p>S\u00fa\u010das\u0165ou Komunitn\u00e9ho centra \u201cNov\u00fd svet\u201c Hlbok\u00e9 je Noc\u013eah\u00e1re\u0148, ktor\u00e1 celoro\u010dne poskytuje noc\u013eah \u013eu\u010fom bez pr\u00edstre\u0161ia. Noc\u013eah\u00e1re\u0148 je v prev\u00e1dzke denne od 18.00 \u2013 08.00 hod. nasleduj\u00faceho d\u0148a. &nbsp;&nbsp; Do noc\u013eah\u00e1rne sa prij\u00edmaj\u00fa klienti na z\u00e1klade vykonania dychovej sk\u00fa\u0161ky alkoholtesterom, v \u010dase od 18,00 \u2013 20,00 hod &nbsp;&nbsp;&nbsp;&nbsp;&nbsp;&nbsp;Klienti s\u00fa povinn\u00ed prinies\u0165 [&hellip;]<\/p>\n","protected":false},"author":3,"featured_media":214,"parent":0,"menu_order":0,"comment_status":"closed","ping_status":"closed","template":"","meta":{"footnotes":""},"class_list":["post-36","page","type-page","status-publish","has-post-thumbnail","hentry"],"_links":{"self":[{"href":"https:\/\/komunitne-centrum.sk\/index.php\/wp-json\/wp\/v2\/pages\/36","targetHints":{"allow":["GET"]}}],"collection":[{"href":"https:\/\/komunitne-centrum.sk\/index.php\/wp-json\/wp\/v2\/pages"}],"about":[{"href":"https:\/\/komunitne-centrum.sk\/index.php\/wp-json\/wp\/v2\/types\/page"}],"author":[{"embeddable":true,"href":"https:\/\/komunitne-centrum.sk\/index.php\/wp-json\/wp\/v2\/users\/3"}],"replies":[{"embeddable":true,"href":"https:\/\/komunitne-centrum.sk\/index.php\/wp-json\/wp\/v2\/comments?post=36"}],"version-history":[{"count":2,"href":"https:\/\/komunitne-centrum.sk\/index.php\/wp-json\/wp\/v2\/pages\/36\/revisions"}],"predecessor-version":[{"id":218,"href":"https:\/\/komunitne-centrum.sk\/index.php\/wp-json\/wp\/v2\/pages\/36\/revisions\/218"}],"wp:featuredmedia":[{"embeddable":true,"href":"https:\/\/komunitne-centrum.sk\/index.php\/wp-json\/wp\/v2\/media\/214"}],"wp:attachment":[{"href":"https:\/\/komunitne-centrum.sk\/index.php\/wp-json\/wp\/v2\/media?parent=36"}],"curies":[{"name":"wp","href":"https:\/\/api.w.org\/{rel}","templated":true}]}}

Nocľaháreň

<p>Súčasťou Komunitného centra “Nový svet“ Hlboké je Nocľaháreň, ktorá celoročne poskytuje nocľah ľuďom bez prístrešia. Nocľaháreň je v prevádzke denne od 18.00 – 08.00 hod. nasledujúceho dňa.</p>



<p>&nbsp;&nbsp; Do nocľahárne sa prijímajú klienti na základe vykonania dychovej skúšky alkoholtesterom, v čase od 18,00 – 20,00 hod</p>



<p>&nbsp;&nbsp;&nbsp;&nbsp;&nbsp;&nbsp;Klienti sú povinní priniesť aj vyjadrenie obvodného lekára, ktoré nesmie byť staršie ako 3 dni. Po dohode sa dá priniesť aj dodatočne.</p>



<p>&nbsp;&nbsp; Klienta prijíma do nocľahárne nočný strážnik, ktorý ho zapíše do knihy ubytovaných, vyberie poplatok podľa zverejneného cenníka služieb a vydá klientovi pokladničný doklad o zaplatení. V poplatku je zahrnutý nocľah, vykonanie osobnej hygieny, vypranie šatstva a využitie priestorov kuchynky.</p>



<p>&nbsp;&nbsp; Nočný strážnik vydá klientovi uterák, mydlo a čistú posteľnú bielizeň. Klient je povinný denne vykonať osobnú hygienu.</p>



<p>&nbsp;&nbsp; V prípade,&nbsp; že hladina alkoholu v krvi klienta po nafúkaní presiahne 0,5 ‰, nocľah mu nebude poskytnutý. Ak sa vyskytnú vážnejšie problémy, obracia sa nočný strážnik telefonicky na mestskú políciu.</p>



<p>&nbsp;&nbsp; O 8, 00 hod. ráno musia klienti opustiť priestory nocľahárne. Pri vyprevádzaní klientov je prítomný službukonajúci nočný strážnik, prípadne správca KC.</p>

<p>Súčasťou Komunitného centra “Nový svet“ Hlboké je Nocľaháreň, ktorá celoročne poskytuje nocľah ľuďom bez prístrešia. Nocľaháreň je v prevádzke denne od 18.00 – 08.00 hod. nasledujúceho dňa. &nbsp;&nbsp; Do nocľahárne sa prijímajú klienti na základe vykonania dychovej skúšky alkoholtesterom, v čase od 18,00 – 20,00 hod &nbsp;&nbsp;&nbsp;&nbsp;&nbsp;&nbsp;Klienti sú povinní priniesť [&hellip;]</p>
